{"id":560,"date":"2022-02-23T21:50:56","date_gmt":"2022-02-24T02:50:56","guid":{"rendered":"https:\/\/shalouka-distribution.com\/epav\/?post_type=product&#038;p=560"},"modified":"2023-10-04T22:12:34","modified_gmt":"2023-10-05T02:12:34","slug":"t-shirt-100-cotton","status":"publish","type":"product","link":"https:\/\/shalouka-distribution.com\/epav\/product\/t-shirt-100-cotton\/","title":{"rendered":"T-SHIRT 100% COTTON"},"content":{"rendered":"<ul>\n<li>10 oz, jersey 100 % coton<\/li>\n<li>Empi\u00e8cement au cou et aux \u00e9paules<\/li>\n<li>\u00c9tiquette d\u00e9chirable<\/li>\n<li>Coupe classique<\/li>\n<\/ul>\n<h2><img loading=\"lazy\" decoding=\"async\" class=\"alignnone size-full wp-image-1085\" style=\"font-family: 'Open Sans'; font-size: 16px; font-weight: 300;\" src=\"https:\/\/shalouka-distribution.com\/epav\/wp-content\/uploads\/sites\/30\/2022\/02\/200b.png\" alt=\"\" width=\"1355\" height=\"181\" srcset=\"https:\/\/shalouka-distribution.com\/epav\/wp-content\/uploads\/sites\/30\/2022\/02\/200b.png 1355w, https:\/\/shalouka-distribution.com\/epav\/wp-content\/uploads\/sites\/30\/2022\/02\/200b-300x40.png 300w, https:\/\/shalouka-distribution.com\/epav\/wp-content\/uploads\/sites\/30\/2022\/02\/200b-1024x137.png 1024w, https:\/\/shalouka-distribution.com\/epav\/wp-content\/uploads\/sites\/30\/2022\/02\/200b-768x103.png 768w, https:\/\/shalouka-distribution.com\/epav\/wp-content\/uploads\/sites\/30\/2022\/02\/200b-1200x160.png 1200w\" sizes=\"auto, (max-width: 1355px) 100vw, 1355px\" \/><img loading=\"lazy\" decoding=\"async\" class=\"alignnone size-full wp-image-1084\" src=\"https:\/\/shalouka-distribution.com\/epav\/wp-content\/uploads\/sites\/30\/2022\/02\/2000-fra.png\" alt=\"\" width=\"1350\" height=\"169\" srcset=\"https:\/\/shalouka-distribution.com\/epav\/wp-content\/uploads\/sites\/30\/2022\/02\/2000-fra.png 1350w, https:\/\/shalouka-distribution.com\/epav\/wp-content\/uploads\/sites\/30\/2022\/02\/2000-fra-300x38.png 300w, https:\/\/shalouka-distribution.com\/epav\/wp-content\/uploads\/sites\/30\/2022\/02\/2000-fra-1024x128.png 1024w, https:\/\/shalouka-distribution.com\/epav\/wp-content\/uploads\/sites\/30\/2022\/02\/2000-fra-768x96.png 768w, https:\/\/shalouka-distribution.com\/epav\/wp-content\/uploads\/sites\/30\/2022\/02\/2000-fra-1200x150.png 1200w\" sizes=\"auto, (max-width: 1350px) 100vw, 1350px\" \/><\/h2>\n","protected":false},"excerpt":{"rendered":"<p>10 oz, jersey 100 % coton Empi\u00e8cement au cou et aux \u00e9paules \u00c9tiquette d\u00e9chirable Coupe classique<\/p>\n","protected":false},"featured_media":1081,"template":"","meta":[],"product_brand":[],"product_cat":[15],"product_tag":[],"class_list":{"0":"post-560","1":"product","2":"type-product","3":"status-publish","4":"has-post-thumbnail","6":"product_cat-non-classe","8":"first","9":"instock","10":"taxable","11":"shipping-taxable","12":"purchasable","13":"product-type-variable"},"_links":{"self":[{"href":"https:\/\/shalouka-distribution.com\/epav\/wp-json\/wp\/v2\/product\/560","targetHints":{"allow":["GET"]}}],"collection":[{"href":"https:\/\/shalouka-distribution.com\/epav\/wp-json\/wp\/v2\/product"}],"about":[{"href":"https:\/\/shalouka-distribution.com\/epav\/wp-json\/wp\/v2\/types\/product"}],"wp:featuredmedia":[{"embeddable":true,"href":"https:\/\/shalouka-distribution.com\/epav\/wp-json\/wp\/v2\/media\/1081"}],"wp:attachment":[{"href":"https:\/\/shalouka-distribution.com\/epav\/wp-json\/wp\/v2\/media?parent=560"}],"wp:term":[{"taxonomy":"product_brand","embeddable":true,"href":"https:\/\/shalouka-distribution.com\/epav\/wp-json\/wp\/v2\/product_brand?post=560"},{"taxonomy":"product_cat","embeddable":true,"href":"https:\/\/shalouka-distribution.com\/epav\/wp-json\/wp\/v2\/product_cat?post=560"},{"taxonomy":"product_tag","embeddable":true,"href":"https:\/\/shalouka-distribution.com\/epav\/wp-json\/wp\/v2\/product_tag?post=560"}],"curies":[{"name":"wp","href":"https:\/\/api.w.org\/{rel}","templated":true}]}}