{"id":1151,"date":"2024-05-15T15:26:48","date_gmt":"2024-05-15T19:26:48","guid":{"rendered":"https:\/\/shalouka-distribution.com\/lsa\/?post_type=product&#038;p=1151"},"modified":"2024-05-15T15:27:44","modified_gmt":"2024-05-15T19:27:44","slug":"long-sleeve-panthers-manches-longues-panthers","status":"publish","type":"product","link":"https:\/\/shalouka-distribution.com\/lsa\/product\/long-sleeve-panthers-manches-longues-panthers\/","title":{"rendered":"Long Sleeve Panthers \/ Manches Longues Panthers"},"content":{"rendered":"<ul>\n<li>9,1 oz, 100 % coton<\/li>\n<li>Fils compress\u00e9s pour minimiser le r\u00e9tr\u00e9cissement<\/li>\n<li>Empi\u00e8cement au cou et aux \u00e9paules<\/li>\n<li>\u00c9tiquette d\u00e9chirable<\/li>\n<li>Poignets en tricot c\u00f4tel\u00e9<\/li>\n<li>Coupe classique<\/li>\n<\/ul>\n<p>&#8211;<\/p>\n<ul>\n<li>9.1-oz, 100% cotton<\/li>\n<li>Compacted yarns to minimize shrinkage<\/li>\n<li>Taped neck and shoulders<\/li>\n<li>Tear away label<\/li>\n<li>Rib knit cuffs<\/li>\n<li>Classic fit<\/li>\n<\/ul>\n<p>&#8211;<\/p>\n<p><img loading=\"lazy\" decoding=\"async\" class=\"alignnone wp-image-940 size-full\" src=\"https:\/\/shalouka-distribution.com\/lsa\/wp-content\/uploads\/sites\/6\/2023\/05\/ATC1015.png\" alt=\"\" width=\"1393\" height=\"217\" srcset=\"https:\/\/shalouka-distribution.com\/lsa\/wp-content\/uploads\/sites\/6\/2023\/05\/ATC1015.png 1393w, https:\/\/shalouka-distribution.com\/lsa\/wp-content\/uploads\/sites\/6\/2023\/05\/ATC1015-300x47.png 300w, https:\/\/shalouka-distribution.com\/lsa\/wp-content\/uploads\/sites\/6\/2023\/05\/ATC1015-1024x160.png 1024w, https:\/\/shalouka-distribution.com\/lsa\/wp-content\/uploads\/sites\/6\/2023\/05\/ATC1015-768x120.png 768w, https:\/\/shalouka-distribution.com\/lsa\/wp-content\/uploads\/sites\/6\/2023\/05\/ATC1015-800x125.png 800w\" sizes=\"auto, (max-width: 1393px) 100vw, 1393px\" \/><\/p>\n","protected":false},"excerpt":{"rendered":"<p>9,1 oz, 100 % coton Fils compress\u00e9s pour minimiser le r\u00e9tr\u00e9cissement Empi\u00e8cement au cou et aux \u00e9paules \u00c9tiquette d\u00e9chirable Poignets en tricot c\u00f4tel\u00e9 Coupe classique &#8211; 9.1-oz, 100% cotton Compacted<\/p>\n","protected":false},"featured_media":1116,"template":"","meta":[],"product_brand":[],"product_cat":[15],"product_tag":[],"class_list":{"0":"post-1151","1":"product","2":"type-product","3":"status-publish","6":"product_cat-uncategorized","8":"first","9":"instock","10":"taxable","11":"shipping-taxable","12":"purchasable","13":"product-type-variable"},"_links":{"self":[{"href":"https:\/\/shalouka-distribution.com\/lsa\/wp-json\/wp\/v2\/product\/1151","targetHints":{"allow":["GET"]}}],"collection":[{"href":"https:\/\/shalouka-distribution.com\/lsa\/wp-json\/wp\/v2\/product"}],"about":[{"href":"https:\/\/shalouka-distribution.com\/lsa\/wp-json\/wp\/v2\/types\/product"}],"wp:featuredmedia":[{"embeddable":true,"href":"https:\/\/shalouka-distribution.com\/lsa\/wp-json\/wp\/v2\/media\/1116"}],"wp:attachment":[{"href":"https:\/\/shalouka-distribution.com\/lsa\/wp-json\/wp\/v2\/media?parent=1151"}],"wp:term":[{"taxonomy":"product_brand","embeddable":true,"href":"https:\/\/shalouka-distribution.com\/lsa\/wp-json\/wp\/v2\/product_brand?post=1151"},{"taxonomy":"product_cat","embeddable":true,"href":"https:\/\/shalouka-distribution.com\/lsa\/wp-json\/wp\/v2\/product_cat?post=1151"},{"taxonomy":"product_tag","embeddable":true,"href":"https:\/\/shalouka-distribution.com\/lsa\/wp-json\/wp\/v2\/product_tag?post=1151"}],"curies":[{"name":"wp","href":"https:\/\/api.w.org\/{rel}","templated":true}]}}